 the units digit of 191?
1
What is the tens digit of 1770?
7
What is the units digit of 36273?
3
What is the ten thousands digit of 14381?
1
What is the units digit of 3372?
2
What is the units digit of 24900?
0
What is the thousands digit of 15018?
5
What is the hundreds digit of 507?
5
What is the hundred thousands digit of 172120?
1
What is the hundreds digit of 24444?
4
What is the thousands digit of 6418?
6
What is the tens digit of 30164?
6
What is the thousands digit of 29247?
9
What is the units digit of 2940?
0
What is the hundreds digit of 1779?
7
What is the hundreds digit of 75748?
7
What is the tens digit of 10705?
0
What is the tens digit of 5117?
1
What is the hundreds digit of 1276?
2
What is the ten thousands digit of 28832?
2
What is the units digit of 2455?
5
What is the thousands digit of 58785?
8
What is the hundreds digit of 25847?
8
What is the ten thousands digit of 49300?
4
What is the hundreds digit of 2923?
9
What is the thousands digit of 2043?
2
What is the units digit of 56590?
0
What is the tens digit of 1727?
2
What is the units digit of 141452?
2
What is the thousands digit of 6907?
6
What is the hundred thousands digit of 163444?
1
What is the hundreds digit of 56036?
0
What is the tens digit of 7095?
9
What is the hundreds digit of 28381?
3
What is the thousands digit of 5549?
5
What is the thousands digit of 2017?
2
What is the tens digit of 1074?
7
What is the hundreds digit of 5322?
3
What is the tens digit of 26417?
1
What is the hundreds digit of 8544?
5
What is the hundreds digit of 521?
5
What is the units digit of 2498?
8
What is the hundreds digit of 65217?
2
What is the thousands digit of 5270?
5
What is the thousands digit of 56224?
6
What is the thousands digit of 1130?
1
What is the hundreds digit of 9055?
0
What is the hundreds digit of 951?
9
What is the units digit of 4667?
7
What is the thousands digit of 11681?
1
What is the hundreds digit of 5270?
2
What is the tens digit of 1011?
1
What is the ten thousands digit of 50747?
5
What is the units digit of 261?
1
What is the thousands digit of 4072?
4
What is the hundreds digit of 675?
6
What is the units digit of 2897?
7
What is the hundreds digit of 1358?
3
What is the units digit of 9?
9
What is the hundreds digit of 39437?
4
What is the thousands digit of 3340?
3
What is the units digit of 26833?
3
What is the hundreds digit of 2881?
8
What is the tens digit of 368?
6
What is the tens digit of 616?
1
What is the thousands digit of 6150?
6
What is the hundreds digit of 647?
6
What is the tens digit of 1061?
6
What is the ten thousands digit of 15016?
1
What is the tens digit of 3560?
6
What is the tens digit of 587?
8
What is the hundreds digit of 768?
7
What is the ten thousands digit of 38650?
3
What is the ten thousands digit of 12472?
1
What is the thousands digit of 1807?
1
What is the units digit of 16293?
3
What is the tens digit of 230?
3
What is the thousands digit of 35415?
5
What is the hundreds digit of 18998?
9
What is the hundreds digit of 3535?
5
What is the thousands digit of 1200?
1
What is the hundreds digit of 543?
5
What is the tens digit of 20258?
5
What is the tens digit of 2650?
5
What is the hundreds digit of 728?
7
What is the units digit of 14962?
2
What is the units digit of 1452?
2
What is the tens digit of 73206?
0
What is the hundreds digit of 939?
9
What is the tens digit of 1580?
8
What is the tens digit of 900?
0
What is the tens digit of 4145?
4
What is the units digit of 8538?
8
What is the hundreds digit of 2006?
0
What is the hundreds digit of 19548?
5
What is the hundreds digit of 102723?
7
What is the tens digit of 6252?
5
What is the tens digit of 2224?
2
What is the thousands digit of 9298?
9
What is the thousands digit of 99835?
9
What is the thousands digit of 167191?
7
What is the thousands digit of 21071?
1
What is the hundreds digit of 1029?
0
What is the tens digit of 2596?
9
What is the units digit of 613?
3
What is the ten thousands digit of 50967?
5
What is the tens digit of 505?
0
What is the ten thousands digit of 11809?
1
What is the units digit of 200?
0
What is the hundreds digit of 2464?
4
What is the hundreds digit of 2789?
7
What is the tens digit of 1048?
4
What is the units digit of 212?
2
What is the units digit of 156?
6
What is the thousands digit of 148517?
8
What is the tens digit of 1983?
8
What is the tens digit of 3263?
6
What is the tens digit of 1480?
8
What is the units digit of 205?
5
What is the units digit of 48535?
5
What is the thousands digit of 7784?
7
What is the thousands digit of 4957?
4
What is the hundreds digit of 1124?
1
What is the hundreds digit of 2647?
6
What is the hundreds digit of 16511?
5
What is the tens digit of 1649?
4
What is the thousands digit of 10929?
0
What is the units digit of 1391?
1
What is the units digit of 11297?
7
What is the units digit of 125352?
2
What is the units digit of 27775?
5
What is the hundreds digit of 272?
2
What is the thousands digit of 9502?
9
What is the units digit of 2980?
0
What is the units digit of 4150?
0
What is the ten thousands digit of 10893?
1
What is the tens digit of 3756?
5
What is the hundreds digit of 126?
1
What is the units digit of 2535?
5
What is the ten thousands digit of 16901?
1
What is the tens digit of 12?
1
What is the hundreds digit of 5351?
3
What is the tens digit of 58?
5
What is the thousands digit of 6453?
6
What is the thousands digit of 70302?
0
What is the tens digit of 2289?
8
What is the units digit of 56091?
1
What is the units digit of 15757?
7
What is the thousands digit of 5149?
5
What is the tens digit of 529?
2
What is the tens digit of 1231?
3
What is the ten thousands digit of 102500?
0
What is the units digit of 625?
5
What is the ten thousands digit of 131537?
3
What is the units digit of 649?
9
What is the thousands digit of 8652?
8
What is the thousands digit of 41304?
1
What is the tens digit of 2575?
7
What is the units digit of 8399?
9
What is the thousands digit of 3780?
3
What is the tens digit of 493?
9
What is the thousands digit of 1738?
1
What is the units digit of 1588?
8
What is the units digit of 10592?
2
What is the hundreds digit of 625?
6
What is the tens digit of 5002?
0
What is the units digit of 1380?
0
What is the hundreds digit of 506?
5
What is the ten thousands digit of 11798?
1
What is the tens digit of 1639?
3
What is the hundreds digit of 127351?
3
What is the units digit of 761?
1
What is the tens digit of 998?
9
What is the tens digit of 29206?
0
What is the hundreds digit of 435?
4
What is the units digit of 1289?
9
What is the tens digit of 32952?
5
What is the tens digit of 167?
6
What is the hundreds digit of 3589?
5
What is the thousands digit of 62997?
2
What is the tens digit of 21957?
5
What is the ten thousands digit of 81923?
8
What is the hundreds digit of 3379?
3
What is the units digit of 3482?
2
What is the tens digit of 2561?
6
What is the thousands digit of 9809?
9
What is the units digit of 99?
9
What is the tens digit of 6281?
8
What is the units digit of 57302?
2
What is the thousands digit of 1389?
1
What is the thousands digit of 53710?
3
What is the thousands digit of 92002?
2
What is the tens digit of 7974?
7
What is the units digit of 11338?
8
What is the tens digit of 429?
2
What is the tens digit of 458?
5
What is the units digit of 3887?
7
What is the units digit of 2500?
0
What is the tens digit of 20468?
6
What is the hundreds digit of 4886?
8
What is the hundreds digit of 9575?
5
What is the tens digit of 7573?
7
What is the hundreds digit of 1127?
1
What is the tens digit of 1928?
2
What is the ten thousands digit of 12495?
1
What is the units digit of 98895?
5
What is the ten thousands digit of 19751?
1
What is the hundreds digit of 1416?
4
What is the tens digit of 29811?
1
What is the units digit of 2442?
2
What is the tens digit of 37352?
5
What is the units digit of 64902?
2
What is the hundreds digit of 33648?
6
What is the thousands digit of 28919?
8
What is the thousands digit of 15139?
5
What is the tens digit of 55715?
1
What is the thousands digit of 4790?
4
What is the units digit of 33406?
6
What is the thousands digit of 1964?
1
What is the units digit of 353?
3
What is the tens digit of 2733